5*w**2 - 9505*w + 73. Determine g(16).
-1223
Let b(j) = 4180*j + 25227. Determine b(-6).
147
Let l(y) = 848*y - 34568. Give l(41).
200
Let m(b) = b**2 - 4609*b + 32215. What is m(7)?
1
Let u(v) = -59363*v - 1662171. What is u(-28)?
-7
Let q(d) = -94*d - 4971. What is q(-26)?
-2527
Let o(b) = b**3 + 815*b**2 + 3921*b - 104395. What is o(-810)?
95
Let k(d) = -35*d**2 + 3075*d - 470. Calculate k(88).
-910
Let k(d) = -d**2 + 146*d - 4315. Give k(105).
-10
Let n(x) = 8101*x + 729096. What is n(-90)?
6
Let f(x) = -x**2 + 1499*x + 182173. Determine f(-113).
17
Let v(t) = t**3 - 25*t**2 - 116*t - 21. Calculate v(-4).
-21
Let b(s) = -5*s**2 - 2623*s - 287094. Calculate b(-369).
-12
Let z(p) = -41*p**2 + 195*p - 121. Calculate z(3).
95
Let t(v) = -2506*v - 1829. Give t(0).
-1829
Let k(j) = -74*j - 12301. Determine k(-166).
-17
Let r(m) = -m**2 - 179*m - 660. What is r(-4)?
40
Let i(d) = -2*d**2 - 704*d + 6504. Calculate i(9).
6
Let l(s) = -150*s**3 + 414*s**2 + 409*s - 3. What is l(-1)?
152
Let g(f) = -21*f**2 - 58*f - 193. Calculate g(-10).
-1713
Let x(o) = -4398*o - 30883. Calculate x(-7).
-97
Let d(b) = 187334*b + 16110713. Calculate d(-86).
-11
Let q(n) = 8085*n - 4891415. Determine q(605).
10
Let x(a) = -a**3 + 16*a**2 - 1530*a + 16260. Determine x(11).
35
Let u(p) = p**3 - 1452*p**2 - 188637*p + 394. Calculate u(-120).
34
Let i(q) = -4593*q - 1795881. What is i(-391)?
-18
Let q(l) = l**3 + 5*l**2 - 210*l - 47. Calculate q(-16).
497
Let x(z) = 2*z**3 - 517*z**2 + 293*z - 8997. Determine x(258).
33
Let q(p) = -12762*p + 421272. What is q(33)?
126
Let s(b) = 3*b**2 + 226*b + 328. Determine s(-53).
-3223
Let a(z) = -136*z + 10589. Determine a(99).
-2875
Let d(l) = l**2 + 13*l - 2528. Calculate d(57).
1462
Let o(w) = 19787*w + 5698649. What is o(-288)?
-7
Let b(s) = 155*s**2 - 5106*s + 12. Determine b(33).
309
Let g(n) = 6*n**3 - 545*n**2 - 4869*n + 4. Determine g(-9).
-4694
Let m(n) = -4*n**3 + 91*n**2 + 538*n + 83. Calculate m(-7).
2148
Let p(x) = 10187*x - 366745. Calculate p(36).
-13
Let f(x) = 37*x - 3755. Calculate f(75).
-980
Let x(t) = -t**3 - 15*t**2 + 828*t + 1047. Give x(23).
-11
Let x(i) = 346*i - 67584. Calculate x(196).
232
Let k(i) = -i**3 + 260*i**2 - 8428*i - 1789. Calculate k(222).
-13
Let q(v) = -v**3 - 27*v**2 - 176*v - 504. Give q(-14).
-588
Let a(k) = k**3 - 365*k**2 - 380*k + 5110. Calculate a(366).
-14
Let k(b) = -12610*b + 75658. Calculate k(6).
-2
Let g(v) = v**2 + 78*v - 516893. Determine g(681).
-14
Let v(w) = -w**3 + 5*w**2 - 153*w + 248. Calculate v(0).
248
Let m(a) = 13663*a - 1830900. Determine m(134).
-58
Let f(j) = 5*j**3 - 15*j**2 + 34*j + 7. Give f(4).
223
Let a(u) = 382*u**2 - 8015*u - 165. What is a(21)?
-18
Let c(j) = -74*j + 4065. Calculate c(54).
69
Let o(c) = c**3 - 63*c**2 + 182*c - 35489. Calculate o(68).
7
Let o(l) = -1392*l**3 - 7*l**2 + 10*l + 1. Calculate o(1).
-1388
Let n(i) = -839*i - 6555. What is n(-7)?
-682
Let s(k) = -k**2 + 960*k + 21623. Calculate s(-22).
19
Let x(n) = n**3 + 479*n**2 + 36769*n + 457. What is x(-96)?
361
Let y(v) = -77*v**2 + 58143*v - 6026. Give y(755).
14
Let a(o) = 1837*o + 5455. Give a(-3).
-56
Let z(m) = -281*m - 24148. What is z(-88)?
580
Let j(c) = 4*c**2 + 642*c - 5665. Give j(9).
437
Let t(z) = -z**3 + 14*z**2 - 158*z + 870. Determine t(6).
210
Let r(t) = -2*t**2 - 45*t + 68443. Calculate r(174).
61
Let y(s) = -198*s**2 - 1553*s + 351. Calculate y(-8).
103
Let k(g) = -78*g**2 - 8020*g + 9592. Determine k(-104).
24
Let t(a) = 27542*a - 247749. Calculate t(9).
129
Let i(x) = -2*x**3 - 85*x**2 + 1078*x + 44449. Determine i(-43).
-56
Let a(v) = 2*v**3 + 67*v**2 + 508*v - 225. Give a(-13).
100
Let y(p) = 91131*p + 6834824. Determine y(-75).
-1
Let x(j) = 121104*j - 1574365. Calculate x(13).
-13
Let c(k) = 5*k**2 - 309*k - 4221. Determine c(-13).
641
Let j(a) = -6*a**2 - 2899*a + 26617. Determine j(9).
40
Let x(s) = 3*s**3 - s**2 + 3259*s + 13138. Give x(-4).
-106
Let x(k) = -31*k**2 - 2015*k + 257. What is x(-65)?
257
Let d(s) = -398*s**2 - 426*s. Determine d(-1).
28
Let x(u) = u**3 - 646*u - 209. Calculate x(-25).
316
Let b(q) = -q**2 + 12581*q - 113160. Determine b(9).
-12
Let y(t) = -115*t + 2640. Determine y(29).
-695
Let i(p) = -p**3 + 8*p**2 + 1305*p - 14005. Calculate i(11).
-13
Let p(b) = -1896702*b + 5690103. Give p(3).
-3
Let m(l) = -19*l**2 - 1758*l - 383. What is m(-93)?
-1220
Let z(o) = 32*o**3 + 24*o**2 + 52*o + 17. What is z(-2)?
-247
Let u(z) = 8*z**2 + 1999*z - 16047. Calculate u(-258).
723
Let o(i) = 66*i**2 - 732*i + 1991. What is o(5)?
-19
Let o(h) = -3119*h + 28418. What is o(9)?
347
Let k(g) = 6*g**3 + 2159*g**2 + 1847*g + 18661. Determine k(-359).
-7
Let o(z) = z**3 + 26*z**2 + 2050*z + 50611. Give o(-25).
-14
Let c(r) = 244*r + 40180. Determine c(-165).
-80
Let g(m) = -11*m**2 - 409*m + 1179. Determine g(-40).
-61
Let j(o) = 206*o + 157184. Determine j(-763).
6
Let b(w) = w**2 + 9501*w + 331307. Calculate b(-35).
-3
Let j(p) = -403*p + 1032. What is j(5)?
-983
Let x(w) = -414*w + 1469. What is x(3)?
227
Let j(l) = 4*l**3 - 133*l**2 - 2370*l + 1126. Calculate j(46).
22
Let t(c) = -30*c**2 + 1511*c - 442. What is t(50)?
108
Let v(k) = 30*k**3 - 14*k**2 - 45*k - 31. Give v(-1).
-30
Let k(u) = u**3 - 37*u**2 + 302*u + 476. What is k(23)?
16
Let a(u) = u**2 + 4637*u - 69749. Give a(15).
31
Let f(r) = r**3 + 22*r**2 + 82*r - 4. Determine f(-19).
-479
Let j(n) = 66*n**3 - 10956*n**2 + 10*n - 1688. What is j(166)?
-28
Let i(h) = 14*h**2 - 353*h + 1491. What is i(5)?
76
Let c(s) = -76474*s - 17894910. Calculate c(-234).
6
Let f(z) = 25*z**3 - 6*z**2 - 61*z + 306. Give f(4).
1566
Let a(v) = 210910*v + 13076395. Calculate a(-62).
-25
Let w(t) = 1786*t + 44591. What is w(-25)?
-59
Let q(x) = -x**3 + 13*x**2 - 886*x + 13435. Give q(15).
-305
Let k(s) = 3*s**2 + 37*s - 60. Determine k(-8).
-164
Let c(t) = t**3 - 14*t**2 - 172*t + 2187. Give c(14).
-221
Let x(l) = -l**3 - 105*l**2 - 1021*l + 173. Give x(-11).
30
Let j(p) = 13*p**2 - 2304*p + 21645. Calculate j(10).
-95
Let x(p) = 10306*p - 463649. Calculate x(45).
121
Let s(v) = 3*v**3 + 158*v**2 - 773*v + 406. Calculate s(4).
34
Let y(s) = -s**3 + 113*s**2 - 244*s + 1150. Calculate y(111).
-1292
Let b(p) = -2*p**3 + 25*p**2 - p - 100. Calculate b(14).
-702
Let g(l) = l**2 - 66580*l - 665910. Give g(-10).
-10
Let p(d) = 16278049*d + 16278045. Give p(-1).
-4
Let z(q) = -q**3 + 17*q**2 - 2*q + 1080. Determine z(19).
320
Let n(r) = -204178*r - 4083537. Give n(-20).
23
Let v(d) = -4*d**3 + 75*d**2 - 310*d + 194. What is v(6)?
170
Let l(c) = 5563*c - 617668. Give l(111).
-175
Let q(f) = -1187*f**2 + 11870*f - 2. Calculate q(10).
-2
Let r(x) = -14*x**3 + 37*x**2 + 26*x - 137. Calculate r(4).
-337
Let w(d) = -10871*d - 2043753. Calculate w(-188).
-5
Let c(m) = -15*m**2 - 686*m - 503. Determine c(-45).
-8
Let x(f) = -f**2 - 80*f - 1855. Give x(-34).
-291
Let d(i) = -245*i - 58252. Give d(-238).
58
Let x(l) = 11*l**2 + 1408*l - 201. Determine x(-131).
4122
Let s(x) = 2*x**3 + 307*x**2 + 4233*x + 1180. Determine s(-15).
10
Let o(l) = 599*l**2 + 125200*l + 1883. Give o(-209).
2
Let u(q) = 13512*q - 945864. Calculate u(70).
-24
Let z(t) = -28086*t + 365092. What is z(13)?
-26
Let k(z) = -4803*z - 1066301. Determine k(-222).
-35
Let r(d) = 69*d**3 - 253*d**2 - 54*d + 10. Calculate r(4).
162
Let b(o) = 15432*o + 3549415. Give b(-230).
55
Let f(o) = o**2 + 763*o - 19761. Determine f(25).
-61
Let p(r) = -4*r**3 - 73*r**2 + 64*r + 152. Give p(-19).
19
Let o(l) = 69*l**2 - 378*l - 11. Calculate o(5).
-176
Let v(m) = m**3 - 828*m**2 - 21325*m - 105. Give v(-25).
-105
Let j(g) = -71*g**3 + 9*g**2 + 15*g + 16. Calculate j(-1).
81
Let f(t) = 9537*t**2 + 76263*t - 279. What is f(-8)?
-15
Let u(k) = -k**3 + 377*k**2 - 13790*k + 4700. Determine u(336).
-4
Let l(m) = 48*m**2 - 20547*m + 1278. What is l(428)?
-6
Let t(f) = -f**3 - 98*f**2 - 295*f - 388. Calculate t(-95).
562
Let x(a) = 191135*a - 7071975. What is x(37)?
20
Let m(n) = 20*n**3 + 260*n**2 - 178*n - 2312. Give m(-13).
2
Let d(k) = 109*k + 3483. Give d(-29).
322
Let x(t) = -8*t**2 + 645*t + 2933. Determine x(85).
-42
Let j(y) = 457*y**2 - 1855*y - 14. Determine j(4).
-122
Let z(r) = -r**3 + 725*r**2 - 5665*r - 50902. What is z(717)?
5
Let h(l) = 264*l - 16284. Give h(62).
84
Le